er when 1366 is divided by 24?
22
Calculate the remainder when 1115 is divided by 124.
123
What is the remainder when 279 is divided by 111?
57
What is the remainder when 2896 is divided by 17?
6
What is the remainder when 132 is divided by 119?
13
Calculate the remainder when 74 is divided by 25.
24
What is the remainder when 851 is divided by 5?
1
Calculate the remainder when 1780 is divided by 117.
25
What is the remainder when 829 is divided by 52?
49
What is the remainder when 2081 is divided by 212?
173
Calculate the remainder when 414 is divided by 52.
50
What is the remainder when 1417 is divided by 10?
7
What is the remainder when 8 is divided by 7?
1
What is the remainder when 49 is divided by 4?
1
Calculate the remainder when 8434 is divided by 114.
112
What is the remainder when 111 is divided by 79?
32
What is the remainder when 34 is divided by 6?
4
What is the remainder when 1338 is divided by 190?
8
What is the remainder when 212 is divided by 54?
50
What is the remainder when 11371 is divided by 36?
31
What is the remainder when 1341 is divided by 14?
11
Calculate the remainder when 764 is divided by 244.
32
What is the remainder when 11230 is divided by 288?
286
What is the remainder when 133 is divided by 56?
21
What is the remainder when 7779 is divided by 181?
177
What is the remainder when 573 is divided by 72?
69
Calculate the remainder when 76 is divided by 14.
6
Calculate the remainder when 682 is divided by 139.
126
What is the remainder when 231 is divided by 13?
10
Calculate the remainder when 145 is divided by 76.
69
What is the remainder when 68 is divided by 29?
10
Calculate the remainder when 136 is divided by 36.
28
Calculate the remainder when 122 is divided by 107.
15
What is the remainder when 773 is divided by 80?
53
What is the remainder when 165 is divided by 44?
33
Calculate the remainder when 816 is divided by 13.
10
What is the remainder when 35 is divided by 18?
17
Calculate the remainder when 1618 is divided by 54.
52
Calculate the remainder when 624 is divided by 69.
3
What is the remainder when 355 is divided by 204?
151
Calculate the remainder when 403 is divided by 7.
4
Calculate the remainder when 418 is divided by 71.
63
Calculate the remainder when 714 is divided by 18.
12
Calculate the remainder when 158 is divided by 44.
26
What is the remainder when 27 is divided by 19?
8
What is the remainder when 101 is divided by 42?
17
Calculate the remainder when 243 is divided by 55.
23
Calculate the remainder when 132 is divided by 67.
65
Calculate the remainder when 3802 is divided by 1263.
13
Calculate the remainder when 872 is divided by 290.
2
What is the remainder when 13 is divided by 6?
1
What is the remainder when 11 is divided by 3?
2
What is the remainder when 342 is divided by 69?
66
What is the remainder when 271 is divided by 23?
18
Calculate the remainder when 233 is divided by 4.
1
Calculate the remainder when 229 is divided by 11.
9
Calculate the remainder when 1984 is divided by 39.
34
Calculate the remainder when 98 is divided by 68.
30
Calculate the remainder when 1072 is divided by 119.
1
What is the remainder when 8655 is divided by 26?
23
Calculate the remainder when 89 is divided by 28.
5
Calculate the remainder when 8307 is divided by 28.
19
What is the remainder when 219 is divided by 5?
4
What is the remainder when 1013 is divided by 28?
5
Calculate the remainder when 409 is divided by 23.
18
Calculate the remainder when 4365 is divided by 48.
45
What is the remainder when 290 is divided by 42?
38
Calculate the remainder when 336 is divided by 9.
3
Calculate the remainder when 2051 is divided by 13.
10
What is the remainder when 268 is divided by 13?
8
What is the remainder when 7317 is divided by 407?
398
What is the remainder when 2920 is divided by 86?
82
Calculate the remainder when 34 is divided by 7.
6
Calculate the remainder when 119 is divided by 60.
59
Calculate the remainder when 911 is divided by 151.
5
What is the remainder when 34 is divided by 18?
16
What is the remainder when 4193 is divided by 20?
13
Calculate the remainder when 248 is divided by 36.
32
What is the remainder when 414 is divided by 8?
6
What is the remainder when 49 is divided by 20?
9
What is the remainder when 118 is divided by 14?
6
What is the remainder when 7849 is divided by 157?
156
What is the remainder when 325 is divided by 15?
10
Calculate the remainder when 4617 is divided by 201.
195
Calculate the remainder when 35 is divided by 33.
2
What is the remainder when 156 is divided by 106?
50
What is the remainder when 574 is divided by 183?
25
Calculate the remainder when 57 is divided by 18.
3
Calculate the remainder when 2590 is divided by 24.
22
What is the remainder when 131 is divided by 9?
5
Calculate the remainder when 1220 is divided by 176.
164
What is the remainder when 207 is divided by 207?
0
What is the remainder when 737 is divided by 41?
40
Calculate the remainder when 174 is divided by 174.
0
What is the remainder when 3638 is divided by 243?
236
What is the remainder when 453 is divided by 76?
73
What is the remainder when 936 is divided by 27?
18
What is the remainder when 247 is divided by 123?
1
What is the remainder when 57058 is divided by 18?
16
What is the remainder when 637 is divided by 40?
37
Calculate the remainder when 82 is divided by 25.
7
What is the remainder when 254 is divided by 246?
8
What is the remainder when 487 is divided by 14?
11
What is the remainder when 1068 is divided by 7?
4
What is the remainder when 398 is divided by 137?
124
Calculate the remainder when 479 is divided by 244.
235
What is the remainder when 228 is divided by 5?
3
Calculate the remainder when 1787 is divided by 5.
2
Calculate the remainder when 2447 is divided by 18.
17
Calculate the remainder when 149 is divided by 50.
49
Calculate the remainder when 5451 is divided by 29.
28
What is the remainder when 55 is divided by 21?
13
Calculate the remainder when 166 is divided by 8.
6
What is the remainder when 690 is divided by 11?
8
What is the remainder when 236 is divided by 62?
50
Calculate the remainder when 653 is divided by 55.
48
What is the remainder when 34 is divided by 10?
4
Calculate the remainder when 197 is divided by 25.
22
What is the remainder when 283 is divided by 43?
25
Calculate the remainder when 2143 is divided by 712.
7
Calculate the remainder when 2807 is divided by 8.
7
Calculate the remainder when 468 is divided by 94.
92
Calculate the remainder when 436 is divided by 88.
84
What is the remainder when 72 is divided by 11?
6
Calculate the remainder when 246 is divided by 10.
6
What is the remainder when 163 is divided by 64?
35
Calculate the remainder when 196 is divided by 37.
11
Calculate the remainder when 54 is divided by 4.
2
Calculate the remainder when 171 is divided by 94.
77
What is the remainder when 197 is divided by 106?
91
Calculate the remainder when 3468 is divided by 1154.
6
What is the remainder when 8448 is divided by 20?
8
Calculate the remainder when 136 is divided by 100.
36
What is the remainder when 1948 is divided by 32?
28
Calculate the remainder when 702 is divided by 50.
2
Calculate the remainder when 145 is divided by 73.
72
What is the remainder when 881 is divided by 98?
97
Calculate the remainder when 119 is divided by 9.
2
What is the remainder when 120 is divided by 21?
15
Calculate the remainder when 63 is divided by 13.
11
Calculate the remainder when 225 is divided by 46.
41
Calculate the remainder when 46 is divided by 28.
18
What is the remainder when 160 is divided by 76?
8
What is the remainder when 279 is divided by 133?
13
Calculate the remainder when 94 is divided by 12.
10
Calculate the remainder when 2025 is divided by 156.
153
What is the remainder when 1213 is divided by 45?
43
Calculate the remainder when 75 is divided by 33.
9
Calculate the remainder when 80 is divided by 6.
2
Calculate the remainder when 1713 is divided by 35.
33
Calculate the remainder when 2375 is divided by 79.
5
Calculate the remainder when 1967 is divided by 16.
15
What is the remainder when 96 is divided by 50?
46
Calculate the remainder when 7 is divided by 4.
3
What is the remainder when 891 is divided by 136?
75
Calculat